le of 138?
False
Does 12 divide 84624?
True
Is 15994 a multiple of 35?
False
Is 449 a factor of 3472260?
False
Is 479256 a multiple of 1051?
True
Does 1411 divide 17787066?
True
Does 11 divide 6006973?
False
Is 5 a factor of 7901960?
True
Does 48 divide 324?
False
Does 155 divide 20535707?
False
Does 12 divide 297321?
False
Is 33 a factor of 65637?
True
Does 8 divide 499872?
True
Is 320068 a multiple of 679?
False
Does 32 divide 27228960?
True
Is 51920 a multiple of 25?
False
Does 8 divide 191056?
True
Is 3135108 a multiple of 137?
True
Is 703937 a multiple of 18?
False
Is 286051 a multiple of 23?
True
Does 352 divide 224928?
True
Is 4 a factor of 402820?
True
Does 5 divide 2817905?
True
Is 202 a factor of 918688?
False
Is 510 a factor of 4466720?
False
Is 113 a factor of 320317?
False
Is 55 a factor of 627330?
True
Does 14 divide 2924390?
True
Is 7 a factor of 855666?
True
Does 1230 divide 967238?
False
Is 9 a factor of 248904?
True
Does 321 divide 76308?
False
Is 31 a factor of 9920?
True
Is 95367 a multiple of 383?
True
Does 27 divide 275646?
False
Is 7489102 a multiple of 339?
False
Is 13 a factor of 36435?
False
Is 49 a factor of 1010527?
True
Is 15 a factor of 2803479?
False
Does 428 divide 181044?
True
Does 453 divide 80873?
False
Does 10 divide 1469770?
True
Does 35 divide 49945?
True
Does 44 divide 277948?
True
Does 18 divide 1040454?
True
Does 136 divide 712912?
True
Is 20 a factor of 6021697?
False
Does 334 divide 9018?
True
Is 101790 a multiple of 5?
True
Is 2853640 a multiple of 20?
True
Does 202 divide 455510?
True
Is 73 a factor of 225935?
True
Is 303198 a multiple of 14?
True
Is 20 a factor of 151505?
False
Does 171 divide 12603?
False
Is 13 a factor of 80184?
True
Is 4019212 a multiple of 4?
True
Does 33 divide 9009?
True
Does 3 divide 1683186?
True
Is 488 a factor of 71448?
False
Is 31 a factor of 6902150?
True
Does 98 divide 20286?
True
Does 69 divide 138458?
False
Is 23 a factor of 118842?
False
Is 16 a factor of 2337949?
False
Is 7 a factor of 276332?
True
Is 60 a factor of 1602980?
False
Does 31 divide 1286903?
True
Is 108 a factor of 822960?
True
Does 88 divide 100416?
False
Does 169 divide 6541821?
True
Is 34 a factor of 1640194?
True
Is 4419405 a multiple of 765?
True
Is 467148 a multiple of 40?
False
Is 67 a factor of 1818190?
False
Is 1588275 a multiple of 8?
False
Does 84 divide 13377?
False
Is 106 a factor of 3805824?
True
Is 73638 a multiple of 12?
False
Is 209000 a multiple of 100?
True
Is 217 a factor of 854980?
True
Is 126 a factor of 222018?
False
Does 33 divide 4316741?
False
Is 76 a factor of 1706808?
True
Is 10 a factor of 131640?
True
Does 45 divide 905135?
False
Is 878 a factor of 587441?
False
Does 9 divide 14596?
False
Is 306 a factor of 8267508?
True
Is 13 a factor of 2203?
False
Is 10958030 a multiple of 17?
True
Is 17 a factor of 145681?
False
Is 830788 a multiple of 173?
False
Is 552245 a multiple of 445?
True
Does 19 divide 15101789?
True
Does 40 divide 90720?
True
Is 1430682 a multiple of 106?
True
Is 4 a factor of 4045?
False
Does 244 divide 1993508?
False
Is 95 a factor of 10065440?
True
Is 11 a factor of 35576?
False
Does 8 divide 275059?
False
Does 387 divide 113004?
True
Is 5132805 a multiple of 5?
True
Is 59 a factor of 12641018?
False
Does 130 divide 3243890?
True
Is 6 a factor of 753255?
False
Is 33 a factor of 780024?
False
Does 19 divide 3971950?
True
Is 650859 a multiple of 173?
False
Is 3543037 a multiple of 4?
False
Is 112988 a multiple of 62?
False
Is 456340 a multiple of 10?
True
Does 48 divide 7461974?
False
Is 14 a factor of 5231950?
False
Is 279408 a multiple of 48?
True
Is 328 a factor of 152192?
True
Does 25 divide 4717150?
True
Is 1064083 a multiple of 37?
True
Is 261540 a multiple of 6?
True
Is 210033 a multiple of 27?
True
Is 4 a factor of 18312?
True
Is 24 a factor of 5588760?
True
Is 239 a factor of 335795?
True
Is 2042336 a multiple of 39?
False
Is 83 a factor of 361651?
False
Is 30 a factor of 4995660?
True
Is 14531018 a multiple of 962?
False
Is 148 a factor of 23335752?
True
Is 30 a factor of 864600?
True
Is 8 a factor of 354060?
False
Is 8195 a multiple of 5?
True
Is 48 a factor of 8543328?
True
Is 138915 a multiple of 40?
False
Does 85 divide 599845?
True
Is 4 a factor of 706015?
False
Is 190303 a multiple of 47?
True
Does 8 divide 251752?
True
Is 48 a factor of 1011462?
False
Is 7881874 a multiple of 434?
True
Is 9 a factor of 702493?
False
Is 87 a factor of 23664?
True
Does 10 divide 125303?
False
Is 1515 a factor of 2387640?
True
Is 91 a factor of 13345211?
False
Is 207738 a multiple of 16?
False
Is 59 a factor of 21004?
True
Is 48249 a multiple of 2?
False
Does 64 divide 2915920?
False
Is 73 a factor of 140598?
True
Is 275123 a multiple of 23?
False
Is 44935 a multiple of 42?
False
Does 378 divide 652428?
True
Does 91 divide 294266?
False
Is 1132115 a multiple of 17?
True
Does 25 divide 4441?
False
Is 522480 a multiple of 14?
True
Is 164 a factor of 236324?
True
Is 40 a factor of 257440?
True
Is 567 a factor of 10943250?
False
Does 54 divide 154764?
True
Is 209620 a multiple of 223?
True
Is 208955 a multiple of 79?
True
Is 104 a factor of 307076?
False
Is 83841 a multiple of 79?
False
Is 362740 a multiple of 140?
True
Is 16724832 a multiple of 48?
True
Is 4873379 a multiple of 486?
False
Is 73163 a multiple of 12?
False
Is 38090 a multiple of 293?
True
Does 10 divide 1877220?
True
Is 344 a factor of 97352?
True
Is 123500 a multiple of 90?
False
Is 842325 a multiple of 57?
False
Is 128242 even?
True
Is 345 a factor of 79005?
True
Is 324 a factor of 507051?
False
Is 116552 a multiple of 68?
True
Is 204 a factor of 3304454?
False
Is 8 a factor of 2327688?
True
Does 40 divide 8674915?
False
Does 17 divide 236470?
True
Is 3562182 a multiple of 117?
True
Does 632 divide 906288?
True
Does 354 divide 2766412?
False
Is 257584 a multiple of 34?
True
Is 16 a factor of 24994048?
True
Is 198 even?
True
Is 6353 a multiple of 2?
False
Is 461 a factor of 2398087?
False
Is 649062 a multiple of 321?
True
Is 215292 a multiple of 66?
True
Is 204360 a multiple of 393?
True
Does 23 divide 77901?
True
Is 28 a factor of 1507296?
True
Is 775843 a multiple of 127?
True
Is 12 a factor of 755664?
True
Is 222945 a multiple of 17?
False
Is 6 a factor of 25229?
False
Does 405 divide 1301376?
False
Does 284 divide 888532?
False
Is 180 a factor of 987120?
True
Does 24 divide 2139753?
False
Is 88452 a multiple of 756?
True
Does 487 divide 2570709?
False
Is 310116 a multiple of 87?
False
Does 10 divide 153880?
True
Is 444483 even?
False
Is 62 a factor of 127348?
True
Does 51 divide 485638?
False
Is 3341958 a multiple of 879?
True
Does 7 divide 1982073?
False
Is 123 a factor of 24357700?
False
Is 127 a factor of 116906?
False
Is 89 a factor of 3043875?
False
Is 12816472 a multiple of 85?
False
Is 130 a factor of 1025700?
True
Is 11 a factor of 83681?
False
Is 20229286 a multiple of 11?
True
Does 63 divide 2923423?
False
Does 106 divide 39235?
False
Is 1685379 a multiple of 347?
True
Is 8830097 a multiple of 12?
False
Is 16000 a multiple of 32?
True
Is 32 a factor of 97395?
False
Is 14 a factor of 463010?
False
Does 536 divide 12003184?
True
Is 164703 a multiple of 483?
True
Is 5 a factor of 580138?
False
Is 2828999 a multiple of 282?
False
Is 294 a factor of 1141997?
False
Is 72 a factor of 250416?
True
Is 261295 a multiple of 5?
True
Does 1344 divide 5033280?
True
Is 704 a factor of 694848?
True
Is 17 a factor of 48704?
False
Does 76 divide 42656?
False
Is 210 a factor of 7648830?
True
Is 15675 a multiple of 57?
True
Is 3803511 a multiple of 34?
False
Does 43 divide 15609?
True
Is 29902 a multiple of 28?
False
Does 48 divide 2029200?
True
Is 33 a factor of 535090?
False
Is 442 a factor of 2038946?
True
Does 4 divide 17308?
True
Does 13 divide 1321554?
True
Does 120 divide 7203000?
True
Does 16 divide 1089376?
True
Is 4466976 a multiple of 16?
True
Is 26 a factor of 3626246?
True
Is 1241875 a multiple of 25?
True
Is 27 a factor of 270?
True
Is 14 a factor of 491538?
False
Is 4086584 a multiple of 12?
False
Is 1355568 a multiple of 124?
True
Does 36 divide 159110?
False
Does 66 divide 549001?
False
Is 75 a factor of 1598643?
False
Is 1205530 a multiple of 145?
True
Is 29660 a multiple of 11?
Fa